{"id":571,"date":"2017-02-27T09:30:15","date_gmt":"2017-02-27T09:30:15","guid":{"rendered":"http:\/\/www.utviksvagen.se\/?page_id=571"},"modified":"2026-01-28T10:51:02","modified_gmt":"2026-01-28T10:51:02","slug":"varvetbatslip","status":"publish","type":"page","link":"https:\/\/www.utviksvagen.se\/?page_id=571","title":{"rendered":"Varvet\/b\u00e5tslip"},"content":{"rendered":"<p>F\u00f6reningens medlemmar erbjuds att anv\u00e4nda b\u00e5tslipen p\u00e5 Varvet f\u00f6r sj\u00f6s\u00e4ttning. Vid sj\u00f6s\u00e4ttning kan man swisha 50 kronor till 1232639987. Det g\u00e5r \u00e4ven att l\u00f6sa \u00e5rskort f\u00f6r 150 kronor. Vid intresse kontaktas Lennart Larsson tel. 284135, Gunnar Olsson 070-6204178. Nya avgifter fr o m 1\/1 \u00a02026.<\/p>\n<p>SWICH-betalningar till: 1232639987, Bg: 5190-8408, m\u00e4rk slipen<\/p>\n","protected":false},"excerpt":{"rendered":"<p>F\u00f6reningens medlemmar erbjuds att anv\u00e4nda b\u00e5tslipen p\u00e5 Varvet f\u00f6r sj\u00f6s\u00e4ttning. Vid sj\u00f6s\u00e4ttning kan man swisha 50 kronor till 1232639987. Det g\u00e5r \u00e4ven att l\u00f6sa \u00e5rskort f\u00f6r 150 kronor. Vid intresse kontaktas Lennart Larsson tel. 284135, Gunnar Olsson 070-6204178. Nya avgifter fr o m 1\/1 \u00a02026. SWICH-betalningar till: 1232639987, Bg: 5190-8408, m\u00e4rk slipen<\/p>\n","protected":false},"author":1,"featured_media":0,"parent":0,"menu_order":0,"comment_status":"closed","ping_status":"closed","template":"","meta":[],"_links":{"self":[{"href":"https:\/\/www.utviksvagen.se\/index.php?rest_route=\/wp\/v2\/pages\/571"}],"collection":[{"href":"https:\/\/www.utviksvagen.se\/index.php?rest_route=\/wp\/v2\/pages"}],"about":[{"href":"https:\/\/www.utviksvagen.se\/index.php?rest_route=\/wp\/v2\/types\/page"}],"author":[{"embeddable":true,"href":"https:\/\/www.utviksvagen.se\/index.php?rest_route=\/wp\/v2\/users\/1"}],"replies":[{"embeddable":true,"href":"https:\/\/www.utviksvagen.se\/index.php?rest_route=%2Fwp%2Fv2%2Fcomments&post=571"}],"version-history":[{"count":9,"href":"https:\/\/www.utviksvagen.se\/index.php?rest_route=\/wp\/v2\/pages\/571\/revisions"}],"predecessor-version":[{"id":1378,"href":"https:\/\/www.utviksvagen.se\/index.php?rest_route=\/wp\/v2\/pages\/571\/revisions\/1378"}],"wp:attachment":[{"href":"https:\/\/www.utviksvagen.se\/index.php?rest_route=%2Fwp%2Fv2%2Fmedia&parent=571"}],"curies":[{"name":"wp","href":"https:\/\/api.w.org\/{rel}","templated":true}]}}