{"id":563,"date":"2017-02-27T09:25:09","date_gmt":"2017-02-27T09:25:09","guid":{"rendered":"http:\/\/www.utviksvagen.se\/?page_id=563"},"modified":"2024-11-25T10:27:13","modified_gmt":"2024-11-25T10:27:13","slug":"slapvagn","status":"publish","type":"page","link":"https:\/\/www.utviksvagen.se\/?page_id=563","title":{"rendered":"Sl\u00e4pvagn"},"content":{"rendered":"<ol>\n<li><strong>Sl\u00e4pvagn med tipp finns att hyra<\/strong><\/li>\n<\/ol>\n<p><a href=\"http:\/\/www.utviksvagen.se\/wp-content\/uploads\/2015\/03\/P1040571-2.jpg\"><img loading=\"lazy\" class=\"alignnone wp-image-119\" src=\"http:\/\/www.utviksvagen.se\/wp-content\/uploads\/2015\/03\/P1040571-2-300x162.jpg\" alt=\"P1040571 (2)\" width=\"474\" height=\"256\" srcset=\"https:\/\/www.utviksvagen.se\/wp-content\/uploads\/2015\/03\/P1040571-2-300x162.jpg 300w, https:\/\/www.utviksvagen.se\/wp-content\/uploads\/2015\/03\/P1040571-2-1024x552.jpg 1024w\" sizes=\"(max-width: 474px) 100vw, 474px\" \/><\/a><\/p>\n<p>F\u00f6reningsmedlemmar: 100 kr\/6 timmar eller 200 kr\/dygn<\/p>\n<p>Icke medlem: 200kr\/6 timmar och 300 kr\/dygn.<\/p>\n<p>Obromsad, till\u00e5ten last 500 kg<\/p>\n<p>H\u00e4r kan du se om vagnen \u00e4r ledig och boka: <a href=\"https:\/\/www.supersaas.se\/schedule\/vagnen_UIF\/Sl%C3%A4pvagn\">Bokningschema:<\/a><\/p>\n<p>Alternativ bokning: SMS: 070-620 41 78 eller mail <a href=\"mailto:info@utviksvagen.se\">info@utviksvagen.se<\/a><\/p>\n<p>Vid godk\u00e4nd bokning erh\u00e5lles en kod till nyckelsk\u00e5p.<\/p>\n<p>Vagnen finns vid f\u00f6reningslokalen.<\/p>\n<p>\u00a0<\/p>\n\n\n<p><\/p>\n","protected":false},"excerpt":{"rendered":"<p>Sl\u00e4pvagn med tipp finns att hyra F\u00f6reningsmedlemmar: 100 kr\/6 timmar eller 200 kr\/dygn Icke medlem: 200kr\/6 timmar och 300 kr\/dygn. Obromsad, till\u00e5ten last 500 kg H\u00e4r kan du se om vagnen \u00e4r ledig och boka: Bokningschema: Alternativ bokning: SMS: 070-620 41 78 eller mail info@utviksvagen.se Vid godk\u00e4nd bokning erh\u00e5lles en kod till nyckelsk\u00e5p. Vagnen finns &hellip; <a href=\"https:\/\/www.utviksvagen.se\/?page_id=563\" class=\"more-link\">Forts\u00e4tt l\u00e4sa <span class=\"screen-reader-text\">Sl\u00e4pvagn<\/span> <span class=\"meta-nav\">&rarr;<\/span><\/a><\/p>\n","protected":false},"author":1,"featured_media":0,"parent":0,"menu_order":0,"comment_status":"closed","ping_status":"closed","template":"","meta":[],"_links":{"self":[{"href":"https:\/\/www.utviksvagen.se\/index.php?rest_route=\/wp\/v2\/pages\/563"}],"collection":[{"href":"https:\/\/www.utviksvagen.se\/index.php?rest_route=\/wp\/v2\/pages"}],"about":[{"href":"https:\/\/www.utviksvagen.se\/index.php?rest_route=\/wp\/v2\/types\/page"}],"author":[{"embeddable":true,"href":"https:\/\/www.utviksvagen.se\/index.php?rest_route=\/wp\/v2\/users\/1"}],"replies":[{"embeddable":true,"href":"https:\/\/www.utviksvagen.se\/index.php?rest_route=%2Fwp%2Fv2%2Fcomments&post=563"}],"version-history":[{"count":16,"href":"https:\/\/www.utviksvagen.se\/index.php?rest_route=\/wp\/v2\/pages\/563\/revisions"}],"predecessor-version":[{"id":1276,"href":"https:\/\/www.utviksvagen.se\/index.php?rest_route=\/wp\/v2\/pages\/563\/revisions\/1276"}],"wp:attachment":[{"href":"https:\/\/www.utviksvagen.se\/index.php?rest_route=%2Fwp%2Fv2%2Fmedia&parent=563"}],"curies":[{"name":"wp","href":"https:\/\/api.w.org\/{rel}","templated":true}]}}